{"id":918,"date":"2020-10-03T13:30:09","date_gmt":"2020-10-03T18:30:09","guid":{"rendered":"http:\/\/dondeflorecelapasion.com\/2021\/?page_id=918"},"modified":"2026-01-15T22:12:16","modified_gmt":"2026-01-16T03:12:16","slug":"promociones","status":"publish","type":"page","link":"https:\/\/dondeflorecelapasion.com\/2021\/promociones\/","title":{"rendered":"Promociones"},"content":{"rendered":"<div id=\"pl-918\"  class=\"panel-layout\" ><div id=\"pg-918-0\"  class=\"panel-grid panel-has-style\" ><div class=\"siteorigin-panels-stretch panel-row-style panel-row-style-for-918-0\" data-stretch-type=\"full-width-stretch\" ><div id=\"pgc-918-0-0\"  class=\"panel-grid-cell\" ><div id=\"panel-918-0-0-0\" class=\"so-panel widget widget_themegrill_flash_slider tg-section tg-slider-widget panel-first-child panel-last-child\" data-index=\"0\" ><div class=\"tg-slider-widget slider-dark slider-content-center slider-control-center full-width\">\n\t<div class=\"swiper-container\">\n\t\t<div class=\"swiper-wrapper\">\n\t\t\t\n\t\t\t\t\t<div class=\"swiper-slide\">\n\t\t\t\t\t\t<figure class=\"slider-image\" >\n\t\t\t\t\t\t\t<img width=\"1920\" height=\"1280\"\t\t\t\t\t\t\t\t\tsrc=\"http:\/\/dondeflorecelapasion.com\/2021\/wp-content\/uploads\/2022\/01\/planes1.jpg\"\n\t\t\t\t\t\t\t\t\talt=\"\"\n\t\t\t\t\t\t\t\t\ttitle=\"\"\/>\n\t\t\t\t\t\t\t<div class=\"overlay\"><\/div>\n\t\t\t\t\t\t<\/figure>\n\t\t\t\t\t\t<div class=\"slider-content\">\n\t\t\t\t\t\t\t<div class=\"tg-container\">\n\t\t\t\t\t\t\t\t<div class=\"caption-title\"><\/div>\n\t\t\t\t\t\t\t\t<div class=\"caption-desc\"><\/div>\n\t\t\t\t\t\t\t\t\t\t\t\t\t\t\t<\/div>\n\t\t\t\t\t\t<\/div>\n\t\t\t\t\t<\/div>\n\n\t\t\t\t\n\t\t\t\t\t<div class=\"swiper-slide\">\n\t\t\t\t\t\t<figure class=\"slider-image\" >\n\t\t\t\t\t\t\t<img width=\"1920\" height=\"1280\"\t\t\t\t\t\t\t\t\tsrc=\"https:\/\/dondeflorecelapasion.com\/2021\/wp-content\/uploads\/2022\/01\/planes2.jpg\"\n\t\t\t\t\t\t\t\t\talt=\"\"\n\t\t\t\t\t\t\t\t\ttitle=\"\"\/>\n\t\t\t\t\t\t\t<div class=\"overlay\"><\/div>\n\t\t\t\t\t\t<\/figure>\n\t\t\t\t\t\t<div class=\"slider-content\">\n\t\t\t\t\t\t\t<div class=\"tg-container\">\n\t\t\t\t\t\t\t\t<div class=\"caption-title\"><\/div>\n\t\t\t\t\t\t\t\t<div class=\"caption-desc\"><\/div>\n\t\t\t\t\t\t\t\t\t\t\t\t\t\t\t<\/div>\n\t\t\t\t\t\t<\/div>\n\t\t\t\t\t<\/div>\n\n\t\t\t\t\n\t\t\t\t\t<div class=\"swiper-slide\">\n\t\t\t\t\t\t<figure class=\"slider-image\" >\n\t\t\t\t\t\t\t<img width=\"1920\" height=\"1280\"\t\t\t\t\t\t\t\t\tsrc=\"https:\/\/dondeflorecelapasion.com\/2021\/wp-content\/uploads\/2022\/01\/planes3.jpg\"\n\t\t\t\t\t\t\t\t\talt=\"\"\n\t\t\t\t\t\t\t\t\ttitle=\"\"\/>\n\t\t\t\t\t\t\t<div class=\"overlay\"><\/div>\n\t\t\t\t\t\t<\/figure>\n\t\t\t\t\t\t<div class=\"slider-content\">\n\t\t\t\t\t\t\t<div class=\"tg-container\">\n\t\t\t\t\t\t\t\t<div class=\"caption-title\"><\/div>\n\t\t\t\t\t\t\t\t<div class=\"caption-desc\"><\/div>\n\t\t\t\t\t\t\t\t\t\t\t\t\t\t\t<\/div>\n\t\t\t\t\t\t<\/div>\n\t\t\t\t\t<\/div>\n\n\t\t\t\t\t\t<\/div>\n\t\t<div class=\"swiper-pagination\"><\/div>\n\t\t<div class=\"slider-arrow\">\n\t\t\t<div class=\"swiper-button-next\"><\/div>\n\t\t\t<div class=\"swiper-button-prev\"><\/div>\n\t\t<\/div>\n\t<\/div>\n<\/div>\n<\/div><\/div><\/div><\/div><div id=\"pg-918-1\"  class=\"panel-grid panel-no-style\" ><div id=\"pgc-918-1-0\"  class=\"panel-grid-cell\" ><div id=\"panel-918-1-0-0\" class=\"so-panel widget widget_siteorigin-panels-builder panel-first-child panel-last-child\" data-index=\"1\" ><div id=\"promociones\" class=\"panel-widget-style panel-widget-style-for-918-1-0-0\" ><div id=\"pl-w6969ac763f4b0\"  class=\"panel-layout\" ><div id=\"pg-w6969ac763f4b0-0\"  class=\"panel-grid panel-has-style\" ><div id=\"plan-romantico-inolvidable\" class=\"panel-row-style panel-row-style-for-w6969ac763f4b0-0\" ><div id=\"pgc-w6969ac763f4b0-0-0\"  class=\"panel-grid-cell\" ><div id=\"panel-w6969ac763f4b0-0-0-0\" class=\"so-panel widget widget_themegrill_flash_heading tg-widget section-title-wrapper panel-first-child\" data-index=\"0\" ><div id=\"momentos\" class=\"panel-widget-style panel-widget-style-for-w6969ac763f4b0-0-0-0\" >\t<h3 class=\"section-title\">PLAN REGALA MOMENTOS<\/h3>\n<\/div><\/div><div id=\"panel-w6969ac763f4b0-0-0-1\" class=\"so-panel widget widget_text panel-last-child\" data-index=\"1\" >\t\t\t<div class=\"textwidget\"><h4>Habitaci\u00f3n por 12 horas.<br \/>\nJacuzzi.<br \/>\nDecoraci\u00f3n con frase sobre la cama.<br \/>\n2 Copas de Champa\u00f1a.<br \/>\nDesayuno.<\/h4>\n<hr \/>\n<p>Por solo:<\/p>\n<h1>$187.000<\/h1>\n<\/div>\n\t\t<\/div><\/div><div id=\"pgc-w6969ac763f4b0-0-1\"  class=\"panel-grid-cell panel-grid-cell-empty\" ><\/div><div id=\"pgc-w6969ac763f4b0-0-2\"  class=\"panel-grid-cell\" ><div id=\"panel-w6969ac763f4b0-0-2-0\" class=\"so-panel widget widget_themegrill_flash_heading tg-widget section-title-wrapper panel-first-child\" data-index=\"2\" >\t<h3 class=\"section-title\">PLAN ROM\u00c1NTICO INOLVIDABLE<\/h3>\n<\/div><div id=\"panel-w6969ac763f4b0-0-2-1\" class=\"so-panel widget widget_text panel-last-child\" data-index=\"3\" >\t\t\t<div class=\"textwidget\"><h4>Habitaci\u00f3n Suite por 8 horas.<br \/>\nJacuzzi.<br \/>\nDecoraci\u00f3n con bouquet de rosas o chocolates.<br \/>\nCena con postre.<br \/>\nChampa\u00f1a y Regalo er\u00f3tico sorpresa.<\/h4>\n<hr \/>\n<p>Por solo:<\/p>\n<h1>$280.000<\/h1>\n<\/div>\n\t\t<\/div><\/div><\/div><\/div><\/div><\/div><\/div><\/div><\/div><div id=\"pg-918-2\"  class=\"panel-grid panel-has-style\" ><div class=\"siteorigin-panels-stretch panel-row-style panel-row-style-for-918-2\" id=\"futbol\" data-stretch-type=\"full-width-stretch\" ><div id=\"pgc-918-2-0\"  class=\"panel-grid-cell\" ><div id=\"panel-918-2-0-0\" class=\"so-panel widget widget_siteorigin-panels-builder panel-first-child panel-last-child\" data-index=\"2\" ><div id=\"habitacion-primavera\" class=\"panel-widget-style panel-widget-style-for-918-2-0-0\" ><div id=\"pl-w6969ac763f7af\"  class=\"panel-layout\" ><div id=\"pg-w6969ac763f7af-0\"  class=\"panel-grid panel-no-style\" ><div id=\"pgc-w6969ac763f7af-0-0\"  class=\"panel-grid-cell\" ><div id=\"panel-w6969ac763f7af-0-0-0\" class=\"so-panel widget widget_themegrill_flash_heading tg-widget section-title-wrapper panel-first-child panel-last-child\" data-index=\"0\" >\t<h3 class=\"section-title\">TODO WIN+<\/h3>\n<\/div><\/div><\/div><div id=\"pg-w6969ac763f7af-1\"  class=\"panel-grid panel-has-style\" ><div class=\"panel-row-style panel-row-style-for-w6969ac763f7af-1\" ><div id=\"pgc-w6969ac763f7af-1-0\"  class=\"panel-grid-cell panel-grid-cell-mobile-last\" ><div id=\"panel-w6969ac763f7af-1-0-0\" class=\"so-panel widget widget_text panel-first-child panel-last-child\" data-index=\"1\" ><div class=\"flash_inherit_color panel-widget-style panel-widget-style-for-w6969ac763f7af-1-0-0\" ><h3 class=\"widget-title\">Disfruta<\/h3>\t\t\t<div class=\"textwidget\"><hr \/>\n<h4>De la Se\u00f1al de <strong>WIN+<\/strong> en<br \/>\ncualquiera de nuestras sedes.<\/h4>\n<hr \/>\n<\/div>\n\t\t<\/div><\/div><\/div><div id=\"pgc-w6969ac763f7af-1-1\"  class=\"panel-grid-cell panel-grid-cell-empty\" ><div class=\"panel-cell-style panel-cell-style-for-w6969ac763f7af-1-1\" ><\/div><\/div><\/div><\/div><\/div><\/div><\/div><\/div><\/div><\/div><div id=\"pg-918-3\"  class=\"panel-grid panel-has-style panel-has-overlay\" ><div class=\"siteorigin-panels-stretch panel-row-style panel-row-style-for-918-3\" data-stretch-type=\"full\" >\t\t\t\t<div\n\t\t\t\t\tclass=\"panel-background-overlay\"\n\t\t\t\t\t\t\t\t\t\t\tstyle=\"background-color:#ea278d;background-image:url(https:\/\/dondeflorecelapasion.com\/2021\/wp-content\/uploads\/2025\/06\/hermoso-arreglo-de-papel-tapiz-de-flores-scaled.jpg);background-attachment:fixed;background-position:center center;background-size:cover;opacity:0.48;\"\n\t\t\t\t\t\t\t\t\t>\n\t\t\t\t\t\t\t\t\t<\/div>\n\t\t\t\t<div id=\"pgc-918-3-0\"  class=\"panel-grid-cell\" ><div id=\"panel-918-3-0-0\" class=\"so-panel widget widget_siteorigin-panels-builder panel-first-child panel-last-child\" data-index=\"3\" ><div id=\"pl-w6969ac763fa4c\"  class=\"panel-layout\" ><div id=\"pg-w6969ac763fa4c-0\"  class=\"panel-grid panel-no-style\" ><div id=\"pgc-w6969ac763fa4c-0-0\"  class=\"panel-grid-cell\" ><div id=\"panel-w6969ac763fa4c-0-0-0\" class=\"so-panel widget widget_media_image panel-first-child panel-last-child\" data-index=\"0\" ><a href=\"http:\/\/dondeflorecelapasion.com\/2021\/bar\"><img loading=\"lazy\" decoding=\"async\" width=\"150\" height=\"150\" src=\"https:\/\/dondeflorecelapasion.com\/2021\/wp-content\/uploads\/2020\/09\/bar-150x150.png\" class=\"image wp-image-375  attachment-thumbnail size-thumbnail\" alt=\"Donde Florece la Pasi\u00f3n\" style=\"max-width: 100%; height: auto;\" srcset=\"https:\/\/dondeflorecelapasion.com\/2021\/wp-content\/uploads\/2020\/09\/bar-150x150.png 150w, https:\/\/dondeflorecelapasion.com\/2021\/wp-content\/uploads\/2020\/09\/bar-300x300.png 300w, https:\/\/dondeflorecelapasion.com\/2021\/wp-content\/uploads\/2020\/09\/bar.png 400w\" sizes=\"auto, (max-width: 150px) 100vw, 150px\" \/><\/a><\/div><\/div><div id=\"pgc-w6969ac763fa4c-0-1\"  class=\"panel-grid-cell\" ><div id=\"panel-w6969ac763fa4c-0-1-0\" class=\"so-panel widget widget_media_image panel-first-child panel-last-child\" data-index=\"1\" ><a href=\"http:\/\/dondeflorecelapasion.com\/2021\/parqueadero\"><img loading=\"lazy\" decoding=\"async\" width=\"150\" height=\"150\" src=\"https:\/\/dondeflorecelapasion.com\/2021\/wp-content\/uploads\/2020\/09\/parqueadero-150x150.png\" class=\"image wp-image-365  attachment-thumbnail size-thumbnail\" alt=\"Donde Florece la Pasi\u00f3n\" style=\"max-width: 100%; height: auto;\" srcset=\"https:\/\/dondeflorecelapasion.com\/2021\/wp-content\/uploads\/2020\/09\/parqueadero-150x150.png 150w, https:\/\/dondeflorecelapasion.com\/2021\/wp-content\/uploads\/2020\/09\/parqueadero-300x300.png 300w, https:\/\/dondeflorecelapasion.com\/2021\/wp-content\/uploads\/2020\/09\/parqueadero.png 400w\" sizes=\"auto, (max-width: 150px) 100vw, 150px\" \/><\/a><\/div><\/div><div id=\"pgc-w6969ac763fa4c-0-2\"  class=\"panel-grid-cell\" ><div id=\"panel-w6969ac763fa4c-0-2-0\" class=\"so-panel widget widget_media_image panel-first-child panel-last-child\" data-index=\"2\" ><a href=\"http:\/\/dondeflorecelapasion.com\/2021\/restaurante\"><img loading=\"lazy\" decoding=\"async\" width=\"150\" height=\"150\" src=\"https:\/\/dondeflorecelapasion.com\/2021\/wp-content\/uploads\/2020\/09\/restaurante-150x150.png\" class=\"image wp-image-374  attachment-thumbnail size-thumbnail\" alt=\"Donde Florece la Pasi\u00f3n\" style=\"max-width: 100%; height: auto;\" srcset=\"https:\/\/dondeflorecelapasion.com\/2021\/wp-content\/uploads\/2020\/09\/restaurante-150x150.png 150w, https:\/\/dondeflorecelapasion.com\/2021\/wp-content\/uploads\/2020\/09\/restaurante-300x300.png 300w, https:\/\/dondeflorecelapasion.com\/2021\/wp-content\/uploads\/2020\/09\/restaurante.png 400w\" sizes=\"auto, (max-width: 150px) 100vw, 150px\" \/><\/a><\/div><\/div><div id=\"pgc-w6969ac763fa4c-0-3\"  class=\"panel-grid-cell\" ><div id=\"panel-w6969ac763fa4c-0-3-0\" class=\"so-panel widget widget_media_image panel-first-child panel-last-child\" data-index=\"3\" ><a href=\"http:\/\/dondeflorecelapasion.com\/2021\/decoracion\"><img loading=\"lazy\" decoding=\"async\" width=\"150\" height=\"150\" src=\"https:\/\/dondeflorecelapasion.com\/2021\/wp-content\/uploads\/2020\/09\/decoracion-150x150.png\" class=\"image wp-image-378  attachment-thumbnail size-thumbnail\" alt=\"Donde Florece la Pasi\u00f3n\" style=\"max-width: 100%; height: auto;\" srcset=\"https:\/\/dondeflorecelapasion.com\/2021\/wp-content\/uploads\/2020\/09\/decoracion-150x150.png 150w, https:\/\/dondeflorecelapasion.com\/2021\/wp-content\/uploads\/2020\/09\/decoracion-300x300.png 300w, https:\/\/dondeflorecelapasion.com\/2021\/wp-content\/uploads\/2020\/09\/decoracion.png 400w\" sizes=\"auto, (max-width: 150px) 100vw, 150px\" \/><\/a><\/div><\/div><div id=\"pgc-w6969ac763fa4c-0-4\"  class=\"panel-grid-cell\" ><div id=\"panel-w6969ac763fa4c-0-4-0\" class=\"so-panel widget widget_media_image panel-first-child panel-last-child\" data-index=\"4\" ><a href=\"http:\/\/dondeflorecelapasion.com\/2021\/promociones\"><img loading=\"lazy\" decoding=\"async\" width=\"150\" height=\"150\" src=\"https:\/\/dondeflorecelapasion.com\/2021\/wp-content\/uploads\/2020\/09\/corazones-150x150.png\" class=\"image wp-image-377  attachment-thumbnail size-thumbnail\" alt=\"Donde Florece la Pasi\u00f3n\" style=\"max-width: 100%; height: auto;\" srcset=\"https:\/\/dondeflorecelapasion.com\/2021\/wp-content\/uploads\/2020\/09\/corazones-150x150.png 150w, https:\/\/dondeflorecelapasion.com\/2021\/wp-content\/uploads\/2020\/09\/corazones-300x300.png 300w, https:\/\/dondeflorecelapasion.com\/2021\/wp-content\/uploads\/2020\/09\/corazones.png 400w\" sizes=\"auto, (max-width: 150px) 100vw, 150px\" \/><\/a><\/div><\/div><\/div><\/div><\/div><\/div><\/div><\/div><\/div>","protected":false},"excerpt":{"rendered":"<p>PLAN REGALA MOMENTOS Habitaci\u00f3n por 12 horas. Jacuzzi. Decoraci\u00f3n con frase sobre la cama. 2 Copas de Champa\u00f1a. Desayuno. Por [&hellip;]<\/p>\n","protected":false},"author":1,"featured_media":0,"parent":0,"menu_order":0,"comment_status":"closed","ping_status":"closed","template":"page-templates\/pagebuilder.php","meta":{"footnotes":""},"class_list":["post-918","page","type-page","status-publish","hentry"],"_links":{"self":[{"href":"https:\/\/dondeflorecelapasion.com\/2021\/wp-json\/wp\/v2\/pages\/918","targetHints":{"allow":["GET"]}}],"collection":[{"href":"https:\/\/dondeflorecelapasion.com\/2021\/wp-json\/wp\/v2\/pages"}],"about":[{"href":"https:\/\/dondeflorecelapasion.com\/2021\/wp-json\/wp\/v2\/types\/page"}],"author":[{"embeddable":true,"href":"https:\/\/dondeflorecelapasion.com\/2021\/wp-json\/wp\/v2\/users\/1"}],"replies":[{"embeddable":true,"href":"https:\/\/dondeflorecelapasion.com\/2021\/wp-json\/wp\/v2\/comments?post=918"}],"version-history":[{"count":99,"href":"https:\/\/dondeflorecelapasion.com\/2021\/wp-json\/wp\/v2\/pages\/918\/revisions"}],"predecessor-version":[{"id":1425,"href":"https:\/\/dondeflorecelapasion.com\/2021\/wp-json\/wp\/v2\/pages\/918\/revisions\/1425"}],"wp:attachment":[{"href":"https:\/\/dondeflorecelapasion.com\/2021\/wp-json\/wp\/v2\/media?parent=918"}],"curies":[{"name":"wp","href":"https:\/\/api.w.org\/{rel}","templated":true}]}}